{"id":34,"date":"2023-03-04T15:41:02","date_gmt":"2023-03-04T13:41:02","guid":{"rendered":"https:\/\/events.edi.lv\/iwoedi2023\/?page_id=34"},"modified":"2023-03-10T14:05:16","modified_gmt":"2023-03-10T12:05:16","slug":"organising-committee","status":"publish","type":"page","link":"https:\/\/events.edi.lv\/iwoedi2023\/organising-committee\/","title":{"rendered":"Organising Committee"},"content":{"rendered":"\n<div class=\"wp-block-media-text alignwide is-stacked-on-mobile is-vertically-aligned-center\" style=\"grid-template-columns:15% auto\"><figure class=\"wp-block-media-text__media\"><img loading=\"lazy\" decoding=\"async\" width=\"190\" height=\"167\" src=\"https:\/\/events.edi.lv\/iwoedi2023\/wp-content\/uploads\/sites\/2\/2023\/03\/K.Ozols_.jpg\" alt=\"\" class=\"wp-image-154 size-full\"\/><\/figure><div class=\"wp-block-media-text__content\">\n<p>Chair: <a href=\"https:\/\/www.edi.lv\/en\/team\/kaspars-ozols_eng\/\">Kaspars Ozols (EDI, Latvia)<\/a><\/p>\n<\/div><\/div>\n\n\n\n<hr class=\"wp-block-separator has-alpha-channel-opacity\"\/>\n\n\n\n<div class=\"wp-block-media-text alignwide is-stacked-on-mobile\" style=\"grid-template-columns:15% auto\"><figure class=\"wp-block-media-text__media\"><img loading=\"lazy\" decoding=\"async\" width=\"145\" height=\"151\" src=\"https:\/\/events.edi.lv\/iwoedi2023\/wp-content\/uploads\/sites\/2\/2023\/03\/R.Savelis-1.jpg\" alt=\"\" class=\"wp-image-165 size-full\"\/><\/figure><div class=\"wp-block-media-text__content\">\n<p>Rolands \u0160\u0101velis (EDI, Latvia)<\/p>\n<\/div><\/div>\n\n\n\n<hr class=\"wp-block-separator has-alpha-channel-opacity\"\/>\n\n\n\n<div class=\"wp-block-media-text alignwide is-stacked-on-mobile\" style=\"grid-template-columns:15% auto\"><figure class=\"wp-block-media-text__media\"><img loading=\"lazy\" decoding=\"async\" width=\"190\" height=\"190\" src=\"https:\/\/events.edi.lv\/iwoedi2023\/wp-content\/uploads\/sites\/2\/2023\/03\/K.Freivalds.png\" alt=\"\" class=\"wp-image-155 size-full\" srcset=\"https:\/\/events.edi.lv\/iwoedi2023\/wp-content\/uploads\/sites\/2\/2023\/03\/K.Freivalds.png 190w, https:\/\/events.edi.lv\/iwoedi2023\/wp-content\/uploads\/sites\/2\/2023\/03\/K.Freivalds-150x150.png 150w\" sizes=\"auto, (max-width: 190px) 100vw, 190px\" \/><\/figure><div class=\"wp-block-media-text__content\">\n<p><a href=\"https:\/\/www.edi.lv\/en\/team\/dr-sc-comp-karlis-freivalds-2\/\">K\u0101rlis Freivalds (EDI, Latvia)&nbsp;<\/a><\/p>\n<\/div><\/div>\n\n\n\n<hr class=\"wp-block-separator has-alpha-channel-opacity\"\/>\n\n\n\n<div class=\"wp-block-media-text alignwide is-stacked-on-mobile\" style=\"grid-template-columns:15% auto\"><figure class=\"wp-block-media-text__media\"><img loading=\"lazy\" decoding=\"async\" width=\"190\" height=\"190\" src=\"https:\/\/events.edi.lv\/iwoedi2023\/wp-content\/uploads\/sites\/2\/2023\/03\/M.Ivanovs.jpg\" alt=\"\" class=\"wp-image-156 size-full\" srcset=\"https:\/\/events.edi.lv\/iwoedi2023\/wp-content\/uploads\/sites\/2\/2023\/03\/M.Ivanovs.jpg 190w, https:\/\/events.edi.lv\/iwoedi2023\/wp-content\/uploads\/sites\/2\/2023\/03\/M.Ivanovs-150x150.jpg 150w\" sizes=\"auto, (max-width: 190px) 100vw, 190px\" \/><\/figure><div class=\"wp-block-media-text__content\">\n<p><a href=\"https:\/\/www.edi.lv\/team\/mg-sc-cogn-maksims-ivanovs\/\">Maksims Ivanovs (EDI, Latvia)<\/a><\/p>\n<\/div><\/div>\n\n\n\n<hr class=\"wp-block-separator has-alpha-channel-opacity\"\/>\n\n\n\n<div class=\"wp-block-media-text alignwide is-stacked-on-mobile\" style=\"grid-template-columns:15% auto\"><figure class=\"wp-block-media-text__media\"><img loading=\"lazy\" decoding=\"async\" width=\"280\" height=\"280\" src=\"https:\/\/events.edi.lv\/iwoedi2023\/wp-content\/uploads\/sites\/2\/2023\/03\/I.Veisa_.jpg\" alt=\"\" class=\"wp-image-202 size-full\" srcset=\"https:\/\/events.edi.lv\/iwoedi2023\/wp-content\/uploads\/sites\/2\/2023\/03\/I.Veisa_.jpg 280w, https:\/\/events.edi.lv\/iwoedi2023\/wp-content\/uploads\/sites\/2\/2023\/03\/I.Veisa_-150x150.jpg 150w\" sizes=\"auto, (max-width: 280px) 100vw, 280px\" \/><\/figure><div class=\"wp-block-media-text__content\">\n<p>Inga Veisa (EDI,Latvia)<\/p>\n<\/div><\/div>\n\n\n\n<hr class=\"wp-block-separator has-alpha-channel-opacity\"\/>\n\n\n\n<div class=\"wp-block-media-text alignwide is-stacked-on-mobile\" style=\"grid-template-columns:15% auto\"><figure class=\"wp-block-media-text__media\"><img loading=\"lazy\" decoding=\"async\" width=\"190\" height=\"190\" src=\"https:\/\/events.edi.lv\/iwoedi2023\/wp-content\/uploads\/sites\/2\/2023\/03\/L.Leja_.png\" alt=\"\" class=\"wp-image-157 size-full\" srcset=\"https:\/\/events.edi.lv\/iwoedi2023\/wp-content\/uploads\/sites\/2\/2023\/03\/L.Leja_.png 190w, https:\/\/events.edi.lv\/iwoedi2023\/wp-content\/uploads\/sites\/2\/2023\/03\/L.Leja_-150x150.png 150w\" sizes=\"auto, (max-width: 190px) 100vw, 190px\" \/><\/figure><div class=\"wp-block-media-text__content\">\n<p><a href=\"https:\/\/www.edi.lv\/team\/mg-math-laura-leja\/\">Laura Leja (EDI, Latvia)<\/a><\/p>\n<\/div><\/div>\n","protected":false},"excerpt":{"rendered":"<p>Chair: Kaspars Ozols (EDI, Latvia) Rolands \u0160\u0101velis (EDI, Latvia) K\u0101rlis Freivalds (EDI, Latvia)&nbsp; Maksims Ivanovs (EDI, Latvia) Inga Veisa (EDI,Latvia) Laura Leja (EDI, Latvia)<\/p>\n","protected":false},"author":1,"featured_media":0,"parent":0,"menu_order":0,"comment_status":"closed","ping_status":"closed","template":"","meta":{"footnotes":""},"class_list":["post-34","page","type-page","status-publish","hentry"],"_links":{"self":[{"href":"https:\/\/events.edi.lv\/iwoedi2023\/wp-json\/wp\/v2\/pages\/34","targetHints":{"allow":["GET"]}}],"collection":[{"href":"https:\/\/events.edi.lv\/iwoedi2023\/wp-json\/wp\/v2\/pages"}],"about":[{"href":"https:\/\/events.edi.lv\/iwoedi2023\/wp-json\/wp\/v2\/types\/page"}],"author":[{"embeddable":true,"href":"https:\/\/events.edi.lv\/iwoedi2023\/wp-json\/wp\/v2\/users\/1"}],"replies":[{"embeddable":true,"href":"https:\/\/events.edi.lv\/iwoedi2023\/wp-json\/wp\/v2\/comments?post=34"}],"version-history":[{"count":12,"href":"https:\/\/events.edi.lv\/iwoedi2023\/wp-json\/wp\/v2\/pages\/34\/revisions"}],"predecessor-version":[{"id":203,"href":"https:\/\/events.edi.lv\/iwoedi2023\/wp-json\/wp\/v2\/pages\/34\/revisions\/203"}],"wp:attachment":[{"href":"https:\/\/events.edi.lv\/iwoedi2023\/wp-json\/wp\/v2\/media?parent=34"}],"curies":[{"name":"wp","href":"https:\/\/api.w.org\/{rel}","templated":true}]}}